1357b
In base 4, what is -31220101202 + 122?
-31220101020
In base 6, what is 5 - 3102541210?
-3102541201
In base 9, what is -4103384 + 1?
-4103383
In base 6, what is -3434 - 40020?
-43454
In base 15, what is -e46a4d3 - 2?
-e46a4d5
In base 7, what is 51105303 + -5?
51105265
In base 5, what is 32 + 102113?
102200
In base 10, what is 1 + -30409748?
-30409747
In base 10, what is -62034 + -6?
-62040
In base 2, what is 1101111110 - -110111100110111001?
110111110100110111
In base 13, what is -c68a8 + -8?
-c68b3
In base 15, what is 4 + 2ea422?
2ea426
In base 6, what is -4204 - -211143?
202535
In base 12, what is -5027a - 3?
-50281
In base 3, what is -2 + 120110221222000?
120110221221221
In base 8, what is 1065611020 + 4?
1065611024
In base 14, what is 1d192a + -1?
1d1929
In base 15, what is 2 - -2a9050a?
2a9050c
In base 16, what is -4 - 19d19c?
-19d1a0
In base 4, what is -33333 + -21223212?
-21323211
In base 11, what is 133989 - 25?
133964
In base 3, what is -12101102 - 2021220?
-21200022
In base 7, what is -3 - -330060206?
330060203
In base 7, what is 602 + 60064?
60666
In base 12, what is 26 + 52069?
52093
In base 9, what is 171056231 - -1?
171056232
In base 15, what is -56d6 + 1b6?
-5520
In base 3, what is -12002202010 - -2211?
-12002122022
In base 15, what is a0c3 - 8b?
a037
In base 7, what is -5363310 + -163?
-5363503
In base 7, what is -26 - -442511623?
442511564
In base 10, what is 0 + 13538011?
13538011
In base 12, what is -15a38a - -14a?
-15a240
In base 3, what is 1 - -22011200212001102?
22011200212001110
In base 7, what is -26060206236 - 0?
-26060206236
In base 10, what is -2567 + 2374?
-193
In base 15, what is 31 + -123e644?
-123e613
In base 3, what is 11211 - -100210020?
100222001
In base 11, what is -3657044 + -9?
-3657052
In base 16, what is 3 + -188205?
-188202
In base 2, what is -10010010000100100001110 + 101?
-10010010000100100001001
In base 14, what is 589 - 61c?
-73
In base 6, what is -5 + 322035254?
322035245
In base 5, what is 122 + -3433124?
-3433002
In base 9, what is -4888726 + -8?
-4888735
In base 11, what is -2 + -2002893?
-2002895
In base 12, what is -2b600097 + -3?
-2b60009a
In base 2, what is 11100000000 + -1100111?
11010011001
In base 6, what is -31 + 2534145?
2534114
In base 14, what is -5 + 4ad183?
4ad17c
In base 10, what is 26058 + 22363?
48421
In base 13, what is -288 - -12262c?
122374
In base 14, what is -ca + -144d3?
-145bd
In base 11, what is -99a - 427?
-1316
In base 4, what is 123 - 1213221322?
-1213221133
In base 11, what is 4 + -893534?
-893530
In base 12, what is -3b519a5 + 5?
-3b519a0
In base 15, what is 1e19 - 533?
18d6
In base 14, what is -62d + 13c?
-4d1
In base 2, what is 10 + 110101111110010101010011?
110101111110010101010101
In base 13, what is 86a8a + -2b2?
867a8
In base 9, what is -300 - -302611?
302311
In base 6, what is 30 - -1055333000?
1055333030
In base 7, what is 115 - -20311551?
20311666
In base 10, what is 46 + -738950?
-738904
In base 3, what is 212 - 22200122210?
-22200121221
In base 12, what is 1a271 + -5a5?
19888
In base 13, what is 63 + -13b179?
-13b116
In base 16, what is a302b6b - -4?
a302b6f
In base 13, what is 35703884 - -2?
35703886
In base 4, what is -3 - -232202203103?
232202203100
In base 14, what is 979dc8 - 3?
979dc5
In base 16, what is 93b84 + 496?
9401a
In base 2, what is -111100 + 11101001010101110010011?
11101001010101101010111
In base 2, what is -101111 + 1011010000011110001010?
1011010000011101011011
In base 15, what is 9a3b4 + 17?
9a3cb
In base 9, what is 11 + 180748?
180760
In base 13, what is -a2b13 + -241?
-a3054
In base 11, what is 14a + -1a941?
-1a7a2
In base 7, what is -3 - 246445121?
-246445124
In base 2, what is -1 + -100000111101110110111?
-100000111101110111000
In base 6, what is -4 + -540413012?
-540413020
In base 8, what is 301760 - -720?
302700
In base 4, what is 2002123 - -3211?
2012000
In base 14, what is -4c - -51805?
51797
In base 4, what is 1022 - 1100131113212?
-1100131112130
In base 8, what is -126135707 - -10?
-126135677
In base 5, what is 30433410 - 11?
30433344
In base 12, what is -a2941 + 232?
-a270b
In base 9, what is -1215 - 75807?
-77123
In base 2, what is -1 + -11111010010001011100101?
-11111010010001011100110
In base 13, what is -118545 + -29?
-118571
In base 13, what is 154 + -30688?
-30534
In base 3, what is 211222220211120 + 20?
211222220211210
In base 15, what is -10c5 - -693?
-932
In base 9, what is -176 + 42045?
41758
In base 14, what is -43b2 - -2b60?
-1652
In base 12, what is 6 - -10baa9ba?
10baaa04
In base 16, what is -ba - -7ab1?
79f7
In base 6, what is -31233 - -54101?
22424
In base 12, what is -49b + -2985?
-3264
In base 13, what is -8a5 - 10165?
-10a3a
In base 2, what is -1000 - -100111101011010010011?
100111101011010001011
In base 4, what is 33030221232 + 220?
33030222112
In base 10, what is 39855447 + -1?
39855446
In base 13, what is 113bc92a + 2?
113bc92c
In base 12, what is -16 + -272556?
-272570
In base 7, what is -312365 + -1226?
-313624
In base 3, what is -22200200002210 + -12?
-22200200002222
In base 3, what is 202000022 - 122?
201222200
In base 8, what is -1 + 4724444?
4724443
In base 8, what is 6552667 + 3?
6552672
In base 13, what is 879a - bb9?
78b1
In base 4, what is 23213003 + 202?
23213211
In base 12, what is 636065a + -45?
6360615
In base 4, what is 113132 - 213321?
-100123
In base 6, what is 2 + 11505410340?
11505410342
In base 13, what is -81c08 - -8a?
-81b4b
In base 2, what is 100 - -100111010001000010101100?
100111010001000010110000
In base 5, what is 102024300 - 43?
102024202
In base 10, what is -2 + -113673791?
-113673793
In base 12, what is -16 + -220214?
-22022a
In base 13, what is 202 - -15c633?
15c835
In base 16, what is 25 + 5fa07b?
5fa0a0
In base 16, what is -1c82c4 + -14?
-1c82d8
In base 14, what is -162b4 + 4b?
-16267
In base 12, what is -38309 + 127?
-381a2
In base 14, what is 1 - -31a6063?
31a6064
In base 3, what is -222 - -2210212121?
2210211122
In base 8, what is 2 + -1533567?
-1533565
In base 14, what is -3083a62 + 6?
-3083a5a
In base 6, what is -45 + 11030145?
11030100
In base 10, what is 14932 + 455?
15387
In base 12, what is 5 - 410853b?
-4108536
In base 3, what is -12122211112 - -1200?
-12122202212
In base 10, what is -7 + -52535740?
-52535747
In base 11, what is 428 - -121455?
121882
In base 16, what is 105 + -931c?
-9217
In base 6, what is -1305523550 + -5?
-1305523555
In base 13, what is -2 - 968c391?
-968c393
In base 11, what is -29117a6 + -4?
-29117aa
In base 7, what is -5 - 150142525?
-150142533
In base 7, what is -220002 - 1662?
-221664
In base 7, what is -3202365 + -133?
-3202531
In base 5, what is -24334340 - -31?
-24334304
In base 14, what is a2770 - 26?
a2748
In base 11, what is -3a88532 - -2?
-3a88530
In base 3, what is 201 - -111211012?
111211220
In base 8, what is 46 - -32214?
32262
In base 14, what is -14b2 - d9?
-15ab
In base 3, what is 20000010011 - 1122221?
12221110020
In base 10, what is -21295 + -3682?
-24977
In base 6, what is 2544 - -3210011?
3212555
In base 15, what is -43365 - 2d?
-43393
In base 15, what is 8572d0 + 4?
8572d4
In base 7, what is -342562 - 11216?
-354111
In base 8, what is -21 + 30141433?
30141412
In base 5, what is 12243343114 - 0?
12243343114
In base 7, what is -44260120 + 104?
-44260013
In base 8, what is 2 + 1766006371?
1766006373
In base 10, what is -5723050 - 29?
-5723079
In base 6, what is 402323421 + -4?
402323413
In base 9, what is -3231 + 57043?
53712
In base 11, what is -29a8109 - 4?
-29a8112
In base 7, what is -14632 + 210?
-14422
In base 15, what is -5563730 - 2?
-5563732
In base 2, what is 10100001110100110000111101110 + -11?
10100001110100110000111101011
In base 14, what is -db7 + -457?
-1430
In base 9, what is -485 + -204556?
-205152
In base 13, what is -3870a + 9a2?
-37a38
In base 10, what is 2 - -4265582?
4265584
In base 16, what is -2d2 + 5c5e6?
5c314
In base 5, what is -24334002 - 1204?
-24340211
In base 4, what is 13310 - -2121303?
2201213
In base 4, what is -13012 + 320201130?
320122112
In base 4, what is 11122321 + -1320?
11121001
In base 6, what is 2035514 - -513?
2040431
In base 8, what is 24330 + 1133?
25463
In base 10, what is 8715 - -325?
9040
In base 2, what is 11001 + 10010011011010110?
10010011011101111
In base 3, what